{"id":1264,"date":"2019-05-10T11:04:33","date_gmt":"2019-05-10T09:04:33","guid":{"rendered":"http:\/\/www.jazztrio.at\/?page_id=1264"},"modified":"2019-05-10T11:06:03","modified_gmt":"2019-05-10T09:06:03","slug":"peter-strutzenberger","status":"publish","type":"page","link":"https:\/\/www.jazztrio.at\/?page_id=1264","title":{"rendered":"Peter Strutzenberger"},"content":{"rendered":"\n<figure class=\"wp-block-image is-resized\"><img decoding=\"async\" loading=\"lazy\" src=\"https:\/\/www.jazztrio.at\/wp-content\/uploads\/2019\/05\/Bildschirmfoto-2019-05-10-um-10.57.57-1.png\" alt=\"\" class=\"wp-image-1265\" width=\"577\" height=\"413\" srcset=\"https:\/\/www.jazztrio.at\/wp-content\/uploads\/2019\/05\/Bildschirmfoto-2019-05-10-um-10.57.57-1.png 854w, https:\/\/www.jazztrio.at\/wp-content\/uploads\/2019\/05\/Bildschirmfoto-2019-05-10-um-10.57.57-1-300x215.png 300w, https:\/\/www.jazztrio.at\/wp-content\/uploads\/2019\/05\/Bildschirmfoto-2019-05-10-um-10.57.57-1-768x550.png 768w, https:\/\/www.jazztrio.at\/wp-content\/uploads\/2019\/05\/Bildschirmfoto-2019-05-10-um-10.57.57-1-587x421.png 587w\" sizes=\"(max-width: 577px) 100vw, 577px\" \/><figcaption><br>Biographie<br>Geboren 1967 in Wien, begann Peter Strutzenberger schon in fr\u00fcher Kindheit zu musizieren. Nach ersten Gehversuchen mit verschiedenen Bands studierte er am Franz Schubert Konservatorium und der Hochschule (sp\u00e4ter Universit\u00e4t) f\u00fcr Musik und darstellende Kunst in Wien Jazz Bass, Instrumental- und Gesangsp\u00e4dagogik und Filmmusik. Seit vielen Jahren tourt er mit verschiedenen Acts um die ganze Welt, spielte in verschieden Theaterproduktionen und arbeitet als Studiomusiker und Produzent.<br>Sein Markenzeichen dabei ist eine m\u00f6glichst gro\u00dfe Palette an Stilen und Spieltechniken von der Klassik bis zum Jazz. Seine besondere Liebe dabei gilt aber der Erforschung und neuer Entdeckung alter Stile des Jazz und Blues.<br>Dabei spielte er live und im Studio mit Acts wie Jose Feliciano, Harri Stojka, 5 in Love, Pete Art, Salty Dogz, Wiener Tschuschenkapelle, Dobrek Bistro, Hot Jazz Ambassadors, Axel Zwingenberger, Christian Dozzler &amp; the Blueswave, Johnny &amp; the Creditcards, Nugget, Hansi Lang, Oscar Klein, Storyville Jazzband, Sandra Pires, Red Holoway, \u00a0Howard Alden, Karl Ratzer, Katie Webster, Larry Garner, Dana Gillespie, Ashton Savoy, Johnny Allen, Duke Heitger, Henry Grey, Andy Lee Lang, Jon Cleary, Big Jay Mc Neely, Louisiana Red, Hank Thompson, Michael Holm,\u00a0u.v.m.<br>\u00a0<br>Festivals<br>Jazzfestival Montreux (CH) 2014<br>Jazzfest Wien 2014<br>Bardentreffen N\u00fcrnburg (D) 2014<br>Jazzfest Syracuse (USA)<br>Jazz \u00e0 Vienne (FR)<br>Legends of Rock Wiesen 2008 u.v.m.<br>Theater<br>Staatsoper Wien<br>Rennaissance Theater Wien<br>Freie B\u00fchne Wieden<br>Sommerspiele Schloss Sitzenberg<br>Nestroy auf Liechtenstein<br><br><br><\/figcaption><\/figure>\n","protected":false},"excerpt":{"rendered":"","protected":false},"author":1,"featured_media":0,"parent":0,"menu_order":0,"comment_status":"closed","ping_status":"closed","template":"","meta":[],"_links":{"self":[{"href":"https:\/\/www.jazztrio.at\/index.php?rest_route=\/wp\/v2\/pages\/1264"}],"collection":[{"href":"https:\/\/www.jazztrio.at\/index.php?rest_route=\/wp\/v2\/pages"}],"about":[{"href":"https:\/\/www.jazztrio.at\/index.php?rest_route=\/wp\/v2\/types\/page"}],"author":[{"embeddable":true,"href":"https:\/\/www.jazztrio.at\/index.php?rest_route=\/wp\/v2\/users\/1"}],"replies":[{"embeddable":true,"href":"https:\/\/www.jazztrio.at\/index.php?rest_route=%2Fwp%2Fv2%2Fcomments&post=1264"}],"version-history":[{"count":3,"href":"https:\/\/www.jazztrio.at\/index.php?rest_route=\/wp\/v2\/pages\/1264\/revisions"}],"predecessor-version":[{"id":1268,"href":"https:\/\/www.jazztrio.at\/index.php?rest_route=\/wp\/v2\/pages\/1264\/revisions\/1268"}],"wp:attachment":[{"href":"https:\/\/www.jazztrio.at\/index.php?rest_route=%2Fwp%2Fv2%2Fmedia&parent=1264"}],"curies":[{"name":"wp","href":"https:\/\/api.w.org\/{rel}","templated":true}]}}