{"id":1522,"date":"2024-10-10T11:42:33","date_gmt":"2024-10-10T09:42:33","guid":{"rendered":"https:\/\/www.jazztrio.at\/?page_id=1522"},"modified":"2024-10-10T14:09:42","modified_gmt":"2024-10-10T12:09:42","slug":"drum-lessons","status":"publish","type":"page","link":"https:\/\/www.jazztrio.at\/?page_id=1522","title":{"rendered":"Drum lessons"},"content":{"rendered":"\n<p>f\u00fcr Anf\u00e4nger \/ Fortgeschrittene von 7 -100 Jahren<\/p>\n\n\n\n<p class=\"has-luminous-vivid-amber-color has-text-color\"><strong>MEIN MOTTO: ES SOLL EINFACH SPASS MACHEN<\/strong><\/p>\n\n\n\n<p>Zu meiner Person:<\/p>\n\n\n\n<p>abgeschlossenes Schlagzeugstudium im Fach: Jazz Schlagzeug,  am Konservatorium der Stadt Wien \/Abschluss mit Auszeichnung. Danach 10 Jahre bei Jazz Gitti &amp; her Disco Killers. Erhalt des World Music Award in Monte Carlo 1992 , ab 1995 bis 2002 Mitglied im Orchester der Vereinigten B\u00fchnen Wien. Pr\u00e4mieren: Chicago (mit Reinhard Fendrich), Jekyll und Hyde<\/p>\n\n\n\n<p>Seit 2010 diverse Konzerte im In &amp; Ausland mit jazztrio.at, und Gastmusiker bei vielen Formationen.<\/p>\n\n\n\n<p><\/p>\n\n\n\n<figure class=\"wp-block-image size-full is-resized\"><img decoding=\"async\" src=\"https:\/\/www.jazztrio.at\/wp-content\/uploads\/2024\/10\/77422171_10221416494303050_6562669999192801280_n.jpg\" alt=\"\" class=\"wp-image-1533\" width=\"400\" srcset=\"https:\/\/www.jazztrio.at\/wp-content\/uploads\/2024\/10\/77422171_10221416494303050_6562669999192801280_n.jpg 720w, https:\/\/www.jazztrio.at\/wp-content\/uploads\/2024\/10\/77422171_10221416494303050_6562669999192801280_n-225x300.jpg 225w, https:\/\/www.jazztrio.at\/wp-content\/uploads\/2024\/10\/77422171_10221416494303050_6562669999192801280_n-587x783.jpg 587w\" sizes=\"(max-width: 720px) 100vw, 720px\" \/><\/figure>\n\n\n\n<p><\/p>\n\n\n\n<p>Mir ist es wichtig, dass die Freude am Schlagzeug spielen geweckt wird, und neben dem Erlernen des Notenlesens ist mein Ziel, dass der Sch\u00fcler nach einer gewissen Zeit die F\u00e4higkeit hat, mit seinen pers\u00f6nlichen Lieblingssongs mitspielen zu k\u00f6nnen.<\/p>\n\n\n\n<p class=\"has-luminous-vivid-amber-color has-text-color\"><strong>Mir ist die Individualit\u00e4t jedes Sch\u00fclers das Wichtigste, und m\u00f6chte diese auch in seinem Unterricht f\u00f6rdern.<\/strong><\/p>\n\n\n\n<p>Ich unterrichte Drums im Stile von Swing \/ Rock\/ Latin bis Funk <\/p>\n\n\n\n<p>Meine pers\u00f6nlichen musikalischen Vorlieben sind Jazztrio &amp; Bigband Musik.<\/p>\n\n\n\n<p>Live Videos<\/p>\n\n\n\n<figure class=\"wp-block-embed is-type-video is-provider-youtube wp-block-embed-youtube wp-embed-aspect-16-9 wp-has-aspect-ratio\"><div class=\"wp-block-embed__wrapper\">\n<iframe loading=\"lazy\" title=\"jazztrio.at : Live Video for Alpha Piano\" width=\"626\" height=\"352\" src=\"https:\/\/www.youtube.com\/embed\/dGThEp4r-ZE?feature=oembed\" frameborder=\"0\" allow=\"accelerometer; autoplay; clipboard-write; encrypted-media; gyroscope; picture-in-picture; web-share\" referrerpolicy=\"strict-origin-when-cross-origin\" allowfullscreen><\/iframe>\n<\/div><\/figure>\n\n\n\n<p><\/p>\n\n\n\n<figure class=\"wp-block-embed is-type-video is-provider-youtube wp-block-embed-youtube wp-embed-aspect-16-9 wp-has-aspect-ratio\"><div class=\"wp-block-embed__wrapper\">\n<iframe loading=\"lazy\" title=\"South of Trondheim : Danny Boy  by jazztrio.at\" width=\"626\" height=\"352\" src=\"https:\/\/www.youtube.com\/embed\/lK8Y4iAtrn8?feature=oembed\" frameborder=\"0\" allow=\"accelerometer; autoplay; clipboard-write; encrypted-media; gyroscope; picture-in-picture; web-share\" referrerpolicy=\"strict-origin-when-cross-origin\" allowfullscreen><\/iframe>\n<\/div><\/figure>\n\n\n\n<p><\/p>\n\n\n\n<p>Ebenso unterrichte ich &#8222;HANG&#8220; \/ HANGPAN<\/p>\n\n\n\n<figure class=\"wp-block-image size-large is-resized\"><img decoding=\"async\" src=\"https:\/\/www.jazztrio.at\/wp-content\/uploads\/2024\/10\/WolfHANG-Kopie-1024x1009.jpg\" alt=\"\" class=\"wp-image-1564\" width=\"300\" srcset=\"https:\/\/www.jazztrio.at\/wp-content\/uploads\/2024\/10\/WolfHANG-Kopie-1024x1009.jpg 1024w, https:\/\/www.jazztrio.at\/wp-content\/uploads\/2024\/10\/WolfHANG-Kopie-300x296.jpg 300w, https:\/\/www.jazztrio.at\/wp-content\/uploads\/2024\/10\/WolfHANG-Kopie-768x757.jpg 768w, https:\/\/www.jazztrio.at\/wp-content\/uploads\/2024\/10\/WolfHANG-Kopie-75x75.jpg 75w, https:\/\/www.jazztrio.at\/wp-content\/uploads\/2024\/10\/WolfHANG-Kopie-90x90.jpg 90w, https:\/\/www.jazztrio.at\/wp-content\/uploads\/2024\/10\/WolfHANG-Kopie-80x80.jpg 80w, https:\/\/www.jazztrio.at\/wp-content\/uploads\/2024\/10\/WolfHANG-Kopie-587x578.jpg 587w, https:\/\/www.jazztrio.at\/wp-content\/uploads\/2024\/10\/WolfHANG-Kopie-1100x1084.jpg 1100w, https:\/\/www.jazztrio.at\/wp-content\/uploads\/2024\/10\/WolfHANG-Kopie.jpg 1421w\" sizes=\"(max-width: 1024px) 100vw, 1024px\" \/><\/figure>\n\n\n\n<p><\/p>\n\n\n\n<p><\/p>\n\n\n\n<p><\/p>\n\n\n\n<p><strong>Unterrichtsinformationen:<\/strong><\/p>\n\n\n\n<p><\/p>\n\n\n\n<p>Unterrichtstag ist jeder 2 Freitag im Monat von 12:00 -20:00 Uhr<\/p>\n\n\n\n<p>Unterrichtstage &amp; Zeit nach Terminvereinbarung<\/p>\n\n\n\n<p><\/p>\n\n\n\n<p>Ich biete 10er Blocks von 30&#8242; und 60&#8242; an.<\/p>\n\n\n\n<p>Preis auf Anfrage.<\/p>\n\n\n\n<p><\/p>\n\n\n\n<p>Ort: Anny W\u00f6dlgasse 3, 2700 Wiener Neustadt, gro\u00dfer Parkplatz kostenfrei vorhanden.<\/p>\n\n\n\n<p><\/p>\n\n\n\n<p>Bei Interesse freue ich mich \u00fcber Ihren Anruf oder Ihr Mail.<\/p>\n\n\n\n<figure class=\"wp-block-image size-full\"><img decoding=\"async\" loading=\"lazy\" width=\"375\" height=\"249\" src=\"https:\/\/www.jazztrio.at\/wp-content\/uploads\/2024\/10\/Bildschirmfoto-2020-08-31-um-08.57.25-Kopie-3.png\" alt=\"\" class=\"wp-image-1548\" srcset=\"https:\/\/www.jazztrio.at\/wp-content\/uploads\/2024\/10\/Bildschirmfoto-2020-08-31-um-08.57.25-Kopie-3.png 375w, https:\/\/www.jazztrio.at\/wp-content\/uploads\/2024\/10\/Bildschirmfoto-2020-08-31-um-08.57.25-Kopie-3-300x199.png 300w\" sizes=\"(max-width: 375px) 100vw, 375px\" \/><\/figure>\n\n\n\n<p><\/p>\n\n\n\n<p>Mit swingenden Gr\u00fc\u00dfen<\/p>\n\n\n\n<p><\/p>\n\n\n\n<p>Wolfgang Wehner<\/p>\n","protected":false},"excerpt":{"rendered":"<p>f\u00fcr Anf\u00e4nger \/ Fortgeschrittene von 7 -100 Jahren MEIN MOTTO: ES SOLL EINFACH SPASS MACHEN Zu meiner Person: abgeschlossenes Schlagzeugstudium im Fach: Jazz Schlagzeug, am Konservatorium der Stadt Wien \/Abschluss mit Auszeichnung. Danach 10 Jahre bei Jazz Gitti &amp; her Disco Killers. Erhalt des World Music Award in Monte Carlo 1992 , ab 1995 bis [&hellip;]<\/p>\n","protected":false},"author":1,"featured_media":0,"parent":0,"menu_order":0,"comment_status":"closed","ping_status":"closed","template":"","meta":[],"_links":{"self":[{"href":"https:\/\/www.jazztrio.at\/index.php?rest_route=\/wp\/v2\/pages\/1522"}],"collection":[{"href":"https:\/\/www.jazztrio.at\/index.php?rest_route=\/wp\/v2\/pages"}],"about":[{"href":"https:\/\/www.jazztrio.at\/index.php?rest_route=\/wp\/v2\/types\/page"}],"author":[{"embeddable":true,"href":"https:\/\/www.jazztrio.at\/index.php?rest_route=\/wp\/v2\/users\/1"}],"replies":[{"embeddable":true,"href":"https:\/\/www.jazztrio.at\/index.php?rest_route=%2Fwp%2Fv2%2Fcomments&post=1522"}],"version-history":[{"count":33,"href":"https:\/\/www.jazztrio.at\/index.php?rest_route=\/wp\/v2\/pages\/1522\/revisions"}],"predecessor-version":[{"id":1573,"href":"https:\/\/www.jazztrio.at\/index.php?rest_route=\/wp\/v2\/pages\/1522\/revisions\/1573"}],"wp:attachment":[{"href":"https:\/\/www.jazztrio.at\/index.php?rest_route=%2Fwp%2Fv2%2Fmedia&parent=1522"}],"curies":[{"name":"wp","href":"https:\/\/api.w.org\/{rel}","templated":true}]}}