{"id":1575,"date":"2024-10-22T09:57:29","date_gmt":"2024-10-22T07:57:29","guid":{"rendered":"https:\/\/www.jazztrio.at\/?page_id=1575"},"modified":"2024-10-22T10:08:07","modified_gmt":"2024-10-22T08:08:07","slug":"music-me","status":"publish","type":"page","link":"https:\/\/www.jazztrio.at\/?page_id=1575","title":{"rendered":"music &amp; ME"},"content":{"rendered":"\n<figure class=\"wp-block-image size-full\"><a href=\"https:\/\/musicandme.at\/\" target=\"_blank\" rel=\"noreferrer noopener\"><img decoding=\"async\" loading=\"lazy\" width=\"448\" height=\"133\" src=\"https:\/\/www.jazztrio.at\/wp-content\/uploads\/2024\/10\/logo_music_me.png\" alt=\"\" class=\"wp-image-1576\" srcset=\"https:\/\/www.jazztrio.at\/wp-content\/uploads\/2024\/10\/logo_music_me.png 448w, https:\/\/www.jazztrio.at\/wp-content\/uploads\/2024\/10\/logo_music_me-300x89.png 300w\" sizes=\"(max-width: 448px) 100vw, 448px\" \/><\/a><\/figure>\n\n\n\n<p><\/p>\n\n\n\n<p><\/p>\n\n\n<div class=\"wp-block-image\">\n<figure class=\"aligncenter size-large is-resized\"><img decoding=\"async\" src=\"https:\/\/www.jazztrio.at\/wp-content\/uploads\/2024\/10\/Norwegen-1024x934.png\" alt=\"\" class=\"wp-image-1577\" width=\"400\" srcset=\"https:\/\/www.jazztrio.at\/wp-content\/uploads\/2024\/10\/Norwegen-1024x934.png 1024w, https:\/\/www.jazztrio.at\/wp-content\/uploads\/2024\/10\/Norwegen-300x274.png 300w, https:\/\/www.jazztrio.at\/wp-content\/uploads\/2024\/10\/Norwegen-768x700.png 768w, https:\/\/www.jazztrio.at\/wp-content\/uploads\/2024\/10\/Norwegen-587x535.png 587w, https:\/\/www.jazztrio.at\/wp-content\/uploads\/2024\/10\/Norwegen-1100x1003.png 1100w, https:\/\/www.jazztrio.at\/wp-content\/uploads\/2024\/10\/Norwegen.png 1524w\" sizes=\"(max-width: 1024px) 100vw, 1024px\" \/><figcaption class=\"wp-element-caption\"><strong>Sonja Equiluz und Susanne Equiluz<\/strong> und Bruder Jan<\/figcaption><\/figure><\/div>\n\n\n<p><a href=\"https:\/\/musicandme.at\/\">Informationen zu diesem<\/a><a href=\"https:\/\/musicandme.at\/\" target=\"_blank\" rel=\"noreferrer noopener\"> Projekt finden Sie hier<\/a><\/p>\n\n\n\n<p><\/p>\n\n\n\n<p><strong>music &amp; ME ist eine Kulturinitiative, die 2024 aus famili\u00e4rem Anlass ins Leben gerufen wurde, um Awareness f\u00fcr ME\/CFS zu schaffen.<\/strong><\/p>\n\n\n\n<p>Myalgische Enzephalomyelitis\/Chronisches Fatigue Syndrom (ME\/CFS) ist eine chronische Multisystemerkrankung, die zwar seit 1969 von der WHO anerkannt ist, jedoch in der Forschung und medizinischen Versorgung stark vernachl\u00e4ssigt wird.<br>Seit der COVID-Pandemie ist die Anzahl der Betroffenen gesch\u00e4tzt auf \u00fcber 1% der Bev\u00f6lkerung angestiegen.<\/p>\n\n\n\n<p>Es ist kaum vorstellbar: Erst eine leichte Erk\u00e4ltung, weiter nichts Schlimmes, doch es folgt keine Erholung. Anhaltende Ersch\u00f6pfung und Schmerzen am gesamten K\u00f6rper, ein Gef\u00fchl von Fieber mit Jetlag und Kater kombiniert. Schlafen geht schlecht und bringt keine Besserung, im Gegenteil, denn nach dem Aufstehen rast der Puls, also wieder hinsetzen oder gleich hinlegen. Der Tag ist kurz, egal welche Jahreszeit, denn in die abgedunkelten R\u00e4ume kommt bewusst kaum Sonnenlicht. Spazierg\u00e4nge sind nicht m\u00f6glich, denn Licht, Musik, Ger\u00e4usche und sogar Stimmen sind zu laut. Oft ist sogar Z\u00e4hneputzen oder dergleichen zu anstrengend. Ab und an ein Buch oder eine kurze (digitale) Konversation mit den wenigen gebliebenen sozialen Kontakten schaffen es tempor\u00e4r durch den Nebel im Kopf. Sch\u00e4tzungen zufolge betrifft diese Schilderung jeden Tag zehntausende Menschen in \u00d6sterreich. Long Covid bzw. ME\/CFS ist eine weitgehend unbekannte und vor allem noch nicht anerkannte Erkrankung, die jedoch bis zur Pflegebed\u00fcrftigkeit f\u00fchren k\u00f6nnen. Es trifft auch Kinder, Jugendliche und junge Erwachsene, welche nahezu pl\u00f6tzlich aus ihrem gewohnten Leben fallen. Sie m\u00fcssen ihre Ausbildung unter- oder abbrechen und sind weiterhin bzw. wieder auf die Hilfe ihrer Familien angewiesen. Ein Alltag mit Arbeit, Freizeit, Familie und Freunden ist zu anstrengend bis unm\u00f6glich. Genau deshalb brauchen ME\/CFS und Long Covid eine noch gr\u00f6\u00dfere mediale Aufmerksamkeit, um Forschung zu initiieren, die dringend ben\u00f6tigten medizinischen Zentren zu etablieren und Betroffene sozial und finanziell zu unterst\u00fctzen. Denn es kann Jede und Jeden treffen! Um auch von der Kulturszene aus aufmerksam zu machen, sind wir mit der Gesellschaft f\u00fcr ME\/CFS und Long Covid in \u00d6sterreich als auch We&amp;Me in Kontakt getreten und suchen nun Kulturschaffende, die ihr Konzert oder dergleichen unserem Hilferuf zur Verf\u00fcgung stellen wollen. Ob es nun Eintritts- oder Spendengelder sind, Platz f\u00fcr Text im Programmheft oder anderes, wir sind f\u00fcr alle Vorschl\u00e4ge und Unterst\u00fctzung offen und dankbar. Alle Gelder gehen direkt an oben genannte Gesellschaften, die dies wiederum direkt als Spenden f\u00fcr Forschung sammeln oder auch finanzielle Hilfen direkt an Betroffene und Angeh\u00f6rige \u00fcbermitteln.<\/p>\n\n\n\n<p><\/p>\n\n\n\n<p>All Photos \u00a9 Sonja Equiluz <\/p>\n","protected":false},"excerpt":{"rendered":"<p>Informationen zu diesem Projekt finden Sie hier music &amp; ME ist eine Kulturinitiative, die 2024 aus famili\u00e4rem Anlass ins Leben gerufen wurde, um Awareness f\u00fcr ME\/CFS zu schaffen. Myalgische Enzephalomyelitis\/Chronisches Fatigue Syndrom (ME\/CFS) ist eine chronische Multisystemerkrankung, die zwar seit 1969 von der WHO anerkannt ist, jedoch in der Forschung und medizinischen Versorgung stark vernachl\u00e4ssigt [&hellip;]<\/p>\n","protected":false},"author":1,"featured_media":0,"parent":0,"menu_order":0,"comment_status":"closed","ping_status":"closed","template":"","meta":[],"_links":{"self":[{"href":"https:\/\/www.jazztrio.at\/index.php?rest_route=\/wp\/v2\/pages\/1575"}],"collection":[{"href":"https:\/\/www.jazztrio.at\/index.php?rest_route=\/wp\/v2\/pages"}],"about":[{"href":"https:\/\/www.jazztrio.at\/index.php?rest_route=\/wp\/v2\/types\/page"}],"author":[{"embeddable":true,"href":"https:\/\/www.jazztrio.at\/index.php?rest_route=\/wp\/v2\/users\/1"}],"replies":[{"embeddable":true,"href":"https:\/\/www.jazztrio.at\/index.php?rest_route=%2Fwp%2Fv2%2Fcomments&post=1575"}],"version-history":[{"count":8,"href":"https:\/\/www.jazztrio.at\/index.php?rest_route=\/wp\/v2\/pages\/1575\/revisions"}],"predecessor-version":[{"id":1588,"href":"https:\/\/www.jazztrio.at\/index.php?rest_route=\/wp\/v2\/pages\/1575\/revisions\/1588"}],"wp:attachment":[{"href":"https:\/\/www.jazztrio.at\/index.php?rest_route=%2Fwp%2Fv2%2Fmedia&parent=1575"}],"curies":[{"name":"wp","href":"https:\/\/api.w.org\/{rel}","templated":true}]}}